{"id":10948,"date":"2023-12-15T10:57:23","date_gmt":"2023-12-15T08:57:23","guid":{"rendered":"https:\/\/wp.rncmobile.net\/?page_id=10948"},"modified":"2023-12-15T11:29:55","modified_gmt":"2023-12-15T09:29:55","slug":"legende-meteo","status":"publish","type":"page","link":"https:\/\/wp.rncmobile.net\/index.php\/legende\/legende-meteo\/","title":{"rendered":"L\u00e9gende M\u00e9t\u00e9o"},"content":{"rendered":"<p style=\"text-align: center;\"><strong>L\u00e9gende M\u00e9t\u00e9o\/Speedtest<br \/>\n<\/strong><\/p>\n<hr \/>\n<p style=\"text-left: center;\"><img loading=\"lazy\" decoding=\"async\" class=\"alignnone wp-image-10949\" src=\"https:\/\/wp.rncmobile.net\/wp-content\/uploads\/2023\/12\/soleil_x64.png\" alt=\"\" width=\"22\" height=\"22\" \/><img loading=\"lazy\" decoding=\"async\" class=\"alignnone wp-image-10957\" src=\"https:\/\/wp.rncmobile.net\/wp-content\/uploads\/2023\/12\/icone_speedtest_vert_alpha_80_.png\" alt=\"\" width=\"22\" height=\"22\" \/>\u00a0 &gt; 30 mbps<\/p>\n<p style=\"text-left: center;\"><img loading=\"lazy\" decoding=\"async\" class=\"alignnone wp-image-10951\" src=\"https:\/\/wp.rncmobile.net\/wp-content\/uploads\/2023\/12\/nuage_soleil_x64.png\" alt=\"\" width=\"22\" height=\"22\" \/><img loading=\"lazy\" decoding=\"async\" class=\"alignnone wp-image-10959\" src=\"https:\/\/wp.rncmobile.net\/wp-content\/uploads\/2023\/12\/icone_speedtest_jaune_alpha_80_.png\" alt=\"\" width=\"22\" height=\"22\" \/> 10-30 mbps<\/p>\n<p style=\"text-left: center;\"><img loading=\"lazy\" decoding=\"async\" class=\"alignnone wp-image-10950\" src=\"https:\/\/wp.rncmobile.net\/wp-content\/uploads\/2023\/12\/pluie_x64.png\" alt=\"\" width=\"22\" height=\"22\" \/><img loading=\"lazy\" decoding=\"async\" class=\"alignnone wp-image-10958\" src=\"https:\/\/wp.rncmobile.net\/wp-content\/uploads\/2023\/12\/icone_speedtest_rouge_alpha_80_.png\" alt=\"\" width=\"22\" height=\"22\" \/>\u00a0 &lt; 10 mbps<\/p>\n<hr \/>\n","protected":false},"excerpt":{"rendered":"<p>L\u00e9gende M\u00e9t\u00e9o\/Speedtest \u00a0 &gt; 30 mbps 10-30 mbps \u00a0 &lt; 10 mbps<\/p>\n","protected":false},"author":2,"featured_media":0,"parent":4776,"menu_order":0,"comment_status":"closed","ping_status":"closed","template":"","meta":{"footnotes":""},"class_list":["post-10948","page","type-page","status-publish","hentry"],"_links":{"self":[{"href":"https:\/\/wp.rncmobile.net\/index.php\/wp-json\/wp\/v2\/pages\/10948","targetHints":{"allow":["GET"]}}],"collection":[{"href":"https:\/\/wp.rncmobile.net\/index.php\/wp-json\/wp\/v2\/pages"}],"about":[{"href":"https:\/\/wp.rncmobile.net\/index.php\/wp-json\/wp\/v2\/types\/page"}],"author":[{"embeddable":true,"href":"https:\/\/wp.rncmobile.net\/index.php\/wp-json\/wp\/v2\/users\/2"}],"replies":[{"embeddable":true,"href":"https:\/\/wp.rncmobile.net\/index.php\/wp-json\/wp\/v2\/comments?post=10948"}],"version-history":[{"count":14,"href":"https:\/\/wp.rncmobile.net\/index.php\/wp-json\/wp\/v2\/pages\/10948\/revisions"}],"predecessor-version":[{"id":10968,"href":"https:\/\/wp.rncmobile.net\/index.php\/wp-json\/wp\/v2\/pages\/10948\/revisions\/10968"}],"up":[{"embeddable":true,"href":"https:\/\/wp.rncmobile.net\/index.php\/wp-json\/wp\/v2\/pages\/4776"}],"wp:attachment":[{"href":"https:\/\/wp.rncmobile.net\/index.php\/wp-json\/wp\/v2\/media?parent=10948"}],"curies":[{"name":"wp","href":"https:\/\/api.w.org\/{rel}","templated":true}]}}